
Does 863 divide 2697020956?
False
Is 1406465227 a multiple of 4657?
True
Is 3240989416 a multiple of 45?
False
Is 683792032 a multiple of 224?
True
Is 382721020 a multiple of 4418?
False
Is 730 a factor of 306481347?
False
Is 6 a factor of 13662312?
True
Does 692 divide 472847060?
True
Is 44322111 a multiple of 1143?
True
Is 34 a factor of 486872656?
True
Is 65897000 a multiple of 325?
True
Is 748 a factor of 6165016?
True
Does 371 divide 821153589?
False
Does 1171 divide 37253750?
False
Is 44452350 a multiple of 450?
True
Does 101 divide 6032023?
True
Does 1445 divide 775272533?
False
Is 466211871 a multiple of 90?
False
Is 730 a factor of 924522370?
True
Is 3123 a factor of 3701951109?
True
Is 6140 a factor of 338007000?
True
Does 440 divide 23506568?
False
Is 106136538 a multiple of 364?
False
Is 56432163 a multiple of 289?
True
Does 7 divide 240314370?
False
Does 1741 divide 502426687?
False
Is 6939 a factor of 2555300628?
True
Is 33962321 a multiple of 445?
False
Does 3597 divide 12561178?
False
Does 75 divide 6806775?
True
Is 999534726 a multiple of 18?
True
Does 1567 divide 386847661?
False
Is 153 a factor of 47330820?
False
Does 11 divide 11114745?
False
Does 824 divide 152238944?
True
Is 55 a factor of 1190707703?
False
Does 419 divide 873505222?
True
Is 17393588 a multiple of 21?
False
Is 112340996 a multiple of 3?
False
Does 119 divide 2048495986?
False
Is 98948748 a multiple of 2657?
False
Does 606 divide 103777950?
False
Is 30 a factor of 344350230?
True
Is 596526022 a multiple of 19?
False
Does 21 divide 3313119285?
True
Does 145 divide 558054105?
True
Is 455684635 a multiple of 39?
False
Is 223 a factor of 10204034?
True
Is 137250300 a multiple of 3630?
True
Is 8 a factor of 38969975?
False
Does 3 divide 275417320?
False
Is 1739056641 a multiple of 81?
False
Is 76326378 a multiple of 218?
True
Is 33804282 a multiple of 13?
False
Does 523 divide 737953?
True
Does 99 divide 724936212?
True
Does 26 divide 146126795?
False
Is 509059111 a multiple of 120?
False
Is 177 a factor of 186227313?
False
Does 6778 divide 4182794098?
False
Is 633 a factor of 951892904?
False
Is 1576 a factor of 62425213?
False
Is 133 a factor of 377598861?
False
Does 433 divide 27201545?
False
Is 87 a factor of 48603816?
False
Is 30 a factor of 196129740?
True
Is 707652720 a multiple of 387?
True
Is 206 a factor of 44236852?
True
Does 1539 divide 268127658?
True
Does 12 divide 4051728?
True
Is 2788329 a multiple of 10?
False
Does 7233 divide 1266498300?
True
Is 11 a factor of 450410906?
True
Does 165 divide 99338145?
False
Does 8 divide 12074728?
True
Is 35 a factor of 801952550?
True
Is 11 a factor of 176069531?
True
Is 78 a factor of 10454106?
True
Does 925 divide 69276302?
False
Does 3075 divide 54449025?
True
Does 159 divide 77556861?
True
Does 183 divide 17824566?
True
Is 290476370 a multiple of 10?
True
Is 12 a factor of 182894520?
True
Is 1086336090 a multiple of 1806?
True
Does 9 divide 41181875?
False
Is 648 a factor of 1170521280?
True
Is 2473734619 a multiple of 21?
False
Is 12941876 a multiple of 99?
False
Does 43 divide 6841277?
False
Is 4 a factor of 28694937?
False
Does 243 divide 621287926?
False
Is 35 a factor of 259010847?
False
Is 279393513 a multiple of 7?
True
Is 31 a factor of 2547117653?
False
Is 4052430 a multiple of 18?
True
Does 251 divide 52073283?
False
Is 82814055 a multiple of 951?
False
Is 234757027 a multiple of 39?
False
Is 13 a factor of 112158748?
True
Is 254432638 a multiple of 745?
False
Does 104 divide 518270688?
True
Is 342 a factor of 786080707?
False
Is 78 a factor of 1614187302?
True
Is 10 a factor of 3741101?
False
Is 144 a factor of 67966272?
True
Is 137955056 a multiple of 145?
False
Is 87 a factor of 9707199?
True
Does 731 divide 12393846?
False
Is 1211951705 a multiple of 947?
False
Is 73 a factor of 20102147?
False
Is 354714521 a multiple of 157?
False
Does 72 divide 24986212?
False
Is 15172588 a multiple of 3?
False
Does 230 divide 398237640?
True
Does 15 divide 327783795?
True
Is 24339392 a multiple of 1694?
True
Is 7314049 a multiple of 2?
False
Is 46357666 a multiple of 5?
False
Does 356 divide 614733631?
False
Does 12 divide 3225535?
False
Does 57 divide 250605516?
True
Is 134 a factor of 1362649484?
True
Does 58 divide 28514801?
False
Does 198 divide 20870583?
False
Is 148468864 a multiple of 3?
False
Is 385 a factor of 254214030?
False
Is 27 a factor of 56600249?
False
Is 586143738 a multiple of 9?
True
Does 406 divide 18154031?
False
Is 11714179 a multiple of 44?
False
Does 14 divide 177935338?
True
Is 25 a factor of 52812050?
True
Does 4348 divide 1883979704?
True
Does 153 divide 6111164?
False
Is 680 a factor of 104987920?
True
Does 60 divide 58736040?
True
Is 29 a factor of 2665651?
True
Does 462 divide 13967141?
False
Is 11 a factor of 5422450?
True
Is 3548139741 a multiple of 1160?
False
Does 60 divide 22072313?
False
Does 73 divide 58517530?
True
Does 97 divide 23083214?
False
Is 78 a factor of 3342256?
False
Is 91 a factor of 28981498?
True
Is 26 a factor of 14678118?
True
Is 2182136496 a multiple of 5?
False
Is 250394089 a multiple of 1131?
False
Does 157 divide 8059589?
False
Is 46262760 a multiple of 40?
True
Does 24 divide 1310383320?
True
Is 13 a factor of 241341583?
False
Is 30327385 a multiple of 2671?
False
Is 21 a factor of 189253505?
False
Is 117 a factor of 75400918?
False
Is 25876584 a multiple of 123?
False
Is 9 a factor of 1696752?
True
Is 254 a factor of 29680662?
True
Is 37143525 a multiple of 1103?
True
Is 165512900 a multiple of 109?
False
Is 24 a factor of 3634141?
False
Is 20084952 a multiple of 5?
False
Does 1163 divide 4682238?
True
Is 350 a factor of 693290850?
True
Is 32 a factor of 516207744?
True
Is 29204745 a multiple of 219?
True
Is 244 a factor of 69389696?
True
Is 3251123 a multiple of 62?
False
Is 195146688 a multiple of 264?
True
Is 10712625 a multiple of 735?
True
Is 86696079 a multiple of 929?
False
Is 20034711 a multiple of 31?
True
Does 8 divide 2788528?
True
Does 25 divide 150123815?
False
Is 6 a factor of 918123564?
True
Is 220 a factor of 137298480?
True
Is 24206900 a multiple of 25?
True
Is 2038 a factor of 50303954?
True
Does 98 divide 16798486?
False
Is 22627383 a multiple of 11?
False
Is 702578776 a multiple of 987?
False
Does 1323 divide 235664667?
True
Is 7803075 a multiple of 1169?
True
Is 350930464 a multiple of 2032?
True
Does 63 divide 514141550?
False
Is 74 a factor of 762694382?
False
Does 6 divide 180344027?
False
Is 1427177324 a multiple of 1748?
True
Does 13 divide 178988017?
True
Does 2262 divide 101734900?
False
Is 1893 a factor of 151440?
True
Is 22 a factor of 429729?
False
Does 12 divide 695856504?
True
Does 5 divide 18055720?
True
Is 898601029 a multiple of 30?
False
Does 32 divide 1927349936?
False
Does 23 divide 5875502?
False
Is 33715066 a multiple of 61?
True
Does 205 divide 294037650?
True
Does 185 divide 124623215?
True
Is 2540483608 a multiple of 29?
False
Is 35621121 a multiple of 37?
True
Is 14502903 a multiple of 14?
False
Is 23 a factor of 118788583?
True
Is 8121836 a multiple of 3?
False
Does 72 divide 580208206?
False
Is 530 a factor of 41847849?
False
Does 14 divide 44852640?
True
Is 911339081 a multiple of 73?
True
Does 256 divide 63422511?
False
Does 1989 divide 1091695796?
False
Is 237844664 a multiple of 151?
False
Does 151 divide 378061116?
True
Is 19 a factor of 39094153?
True
Is 314 a factor of 8468754?
False
Is 3354299 a multiple of 25?
False
Is 12 a factor of 10784496?
True
Does 8079 divide 653122518?
True
Is 19645626 a multiple of 2190?
False
Is 350 a factor of 813008350?
True
Does 33 divide 434952474?
True
Is 598833465 a multiple of 2483?
False
Does 194 divide 21811300?
False
Is 885990750 a multiple of 25?
True
Does 282 divide 80258610?
True
Is 138175533 a multiple of 192?
False
Is 38 a factor of 612604946?
False
Is 148351160 a multiple of 5231?
True
Is 18575904 a multiple of 537?
True
Does 252 divide 49526064?
True
Is 477 a factor of 4557077158?
False
Is 174977129 a multiple of 27?
False
Is 245 a factor of 74374638?
False
Is 193 a factor of 37918439?
False
Does 141 divide 67303841?
False
Is 21559863 a multiple of 201?
True
Does 593 divide 49838074?
False
Is 1145 a factor of 256470840?
True
Does 506 divide 4